e c(8). Suppose 4*a + p*h = 14, 0*a - 5*h + 22 = -3*a. What are the prime factors of -1 + a + 10 + -1?
3
Let p(q) = -5*q + 16 - 16. What are the prime factors of p(-3)?
3, 5
Let u be 4/2 - 210/(-6). Let n = u + -22. What are the prime factors of n?
3, 5
Suppose o = 6*o + 70. Let c = -8 - o. List the prime factors of (-2)/(0 + c/(-21)).
7
Suppose -3*b + 169 - 40 = 0. What are the prime factors of b?
43
Let z = 20 - 15. Suppose -z = -2*q + 79. What are the prime factors of q?
2, 3, 7
Suppose -m - 2*m = -3*f - 30, -m = 2*f - 1. Suppose -3*t = 3*l - 45, 3*l - m - 50 = -4*t. Suppose -5*z + t = -z. List the prime factors of z.
3
Let i = 28 - -50. List the prime factors of i.
2, 3, 13
Let l(g) = g + 12. Let h be l(-10). Let t be (2 + -1)/(h/8). Suppose -2*b + 14 = 5*v - 4*b, -5*v - t*b = -32. List the prime factors of v.
2
Let n = 616 - 434. What are the prime factors of n?
2, 7, 13
Let u be 8 - (-4 + (5 - 3)). Suppose -75 + u = -5*h. What are the prime factors of h?
13
Let x = 2 - 8. List the prime factors of x/(-8) + 13/4.
2
Let p be (-52)/(-14) + (-24)/(-84). List the prime factors of (-1)/(p/(-128)) + -2.
2, 3, 5
Let d be 2/4*(-1 + -3). Let g be (-192)/88 - d/11. What are the prime factors of (-30)/g + (-1 - -2)?
2
List the prime factors of (-3)/((-2)/66*27/6).
2, 11
Suppose -417 = -10*j + 263. What are the prime factors of j?
2, 17
Suppose 2*a + 4*m = 290, -m = -3*a - 0*m + 442. List the prime factors of a.
3, 7
Let f(c) = 1 - 4 + c**2 + 1 + 6*c - 4. Let y be f(-8). Let v = y + -5. List the prime factors of v.
5
Let m = 32 + -9. List the prime factors of m.
23
Let k = -5 + 8. Suppose -4*f + 26 = -0*f - 2*o, 19 = k*f - 2*o. What are the prime factors of 2/f - (-24)/14?
2
Let h(u) = -u + 3. Let g be h(0). Suppose 219 = -b + 6*b - g*o, -2*b - 2*o + 94 = 0. What are the prime factors of b?
3, 5
Suppose 2*a + a - 17 = -4*q, 0 = 3*q - 15. Let f(c) = -22*c**3 - c**2 - c - 1. List the prime factors of f(a).
3, 7
Suppose 2*p + p - 4*z = 1, -4*z = p - 11. Let i = p - -9. What are the prime factors of i?
2, 3
Let y(c) = 5*c + 4. Let u = 10 - 7. List the prime factors of y(u).
19
Let q = 43 - 21. Let g = q - 7. Suppose g + 7 = 2*o. List the prime factors of o.
11
Let q(h) = -h - 2. Let d be q(-2). What are the prime factors of d - (-168)/4 - 1?
41
Let b(u) = -u**2 + 8*u. Let y be 28/5 + (-2)/(-5). List the prime factors of b(y).
2, 3
Suppose -15 = -2*j + 43. Suppose 5*r = -5*u + 100, 3*r - 4 = 2*r. Let h = j - u. What are the prime factors of h?
13
Let r(m) = 4*m**3 - m**2 + 1. Let c be r(-1). Let f be (2/(-4))/(1/c). Suppose -3*t = -f*a + 1, -5*a - t + 13 = -5*t. What are the prime factors of a?
5
Let v(h) = -h**3 - 2*h**2 + 4*h + 4. Let c be v(-4). Let d(t) = t**2 - t - 12. Let b be d(0). Let n = b + c. List the prime factors of n.
2
Let u = 3 - 6. List the prime factors of (2/u)/(6/(-27)).
3
Suppose 31 = 2*r - 3*d, -2*r + 3*d - 2*d = -21. What are the prime factors of r?
2
Suppose -6*i - 108 = -2*i. Let n = i + 44. What are the prime factors of n?
17
Suppose -291 = -5*w - 3*y, 5*y + 0 + 15 = 0. List the prime factors of w.
2, 3, 5
Suppose 0 = -5*c + 2 + 3. Let b be c - (-1 - 10)/1. What are the prime factors of 0 + 1 - b/(-2)?
7
Suppose 200 = 4*k - b, 5*k + 3*b - 229 = 21. Suppose -d - 5*f = -10*f - 55, d - 4*f = k. What are the prime factors of d?
2, 3, 5
Suppose 6 + 14 = 4*v. Suppose v*w + 23 = 3. Let a = w - -11. What are the prime factors of a?
7
Let w = -5 + 2. Let o = w - -3. Suppose o*d + 24 = 2*d. List the prime factors of d.
2, 3
Let c = -1 + 0. Let p(v) be the third derivative of -v**6/30 - 2*v**2. List the prime factors of p(c).
2
Let s be (0*4/16)/1. Let n(d) = 4*d**2 - d + 1. Let v be n(1). Suppose s = v*c + 4 - 12. What are the prime factors of c?
2
Suppose 314 = 8*n + 26. What are the prime factors of n?
2, 3
Let b(k) = k**3 - 7*k**2 + k - 5. Let v be b(7). Suppose 4*h - 3*m - 96 = 0, h - v*h = 2*m - 24. List the prime factors of h.
2, 3
Suppose 25 + 16 = o. List the prime factors of o.
41
Let t = 10 + -3. Suppose 0 = 2*b - t*b + 50. List the prime factors of b.
2, 5
Let c = -8 + 12. Suppose -c*z = -z - 66. List the prime factors of z.
2, 11
Suppose -r = 3*x - 9, x - 2*r + 2 = -2. Let h be (-1)/5 - (-11)/55. Suppose h = -s + x*s - 15. List the prime factors of s.
3, 5
Suppose 0 = -3*z - 5*k + 153, 2*z - 5*k + 15 = 92. List the prime factors of z.
2, 23
Let n be -2 - (-2 + 1) - -6. What are the prime factors of (-10)/25 + 127/n?
5
Let y(i) = -i - 6. Let j be y(-6). Suppose 6*f - 3*f - 39 = j. List the prime factors of f.
13
Let f(h) = 2*h - 1. Let n(r) = r + 1. Let w be n(3). What are the prime factors of f(w)?
7
Let f(m) = -4*m - 3. Let i be f(-2). Suppose 4*u - 34 = 3*p, -3*u - i*p + 60 = 2*u. Suppose 4*h + h = u. What are the prime factors of h?
2
Let y be 48/20 + 2/(-5). Suppose f - 1 = 2, -a + y*f = -13. What are the prime factors of a?
19
Let g = -41 + 74. What are the prime factors of g?
3, 11
Let z = 18 - 12. Let r = z + -10. List the prime factors of 2 - -14 - (r + 7).
13
Let b(j) = j + 6. Let m(w) = -2*w - 7. Let x(t) = 3*b(t) + 2*m(t). Let y be x(5). What are the prime factors of 51/6*2 - y?
2, 3
Let i(h) = 4*h**2 - 7*h**2 - h**3 - 6*h + 2 + 3*h. Let z be i(-3). Suppose 3*r = 4*r - z. What are the prime factors of r?
11
Let c(m) = 3*m + 3. Let d be c(3). Suppose 5*w = 3*l + 13, -5*w + d - 3 = l. What are the prime factors of w?
2
Suppose 4*b - 2*q = 30, 5*b - 24 = -q + 17. Suppose 0 = 4*n + b, -5*n = s - 5 - 11. List the prime factors of s.
2, 13
Let m = -178 + 344. List the prime factors of m.
2, 83
Suppose -3*a + 7 = -8. Suppose 0*n - 5*n + r = -91, 0 = a*n - 4*r - 79. List the prime factors of n.
19
Let d(c) = 4*c**3 + 4*c**2 + 3*c + 10. Let v(o) = -3*o**3 - 5*o**2 - 3*o - 9. Let l(n) = -2*d(n) - 3*v(n). List the prime factors of l(-5).
2, 3, 7
Let v be 2/(-9) - 33/(-27). Suppose 3*f - 14 = 22. Let o = f - v. What are the prime factors of o?
11
Let b(h) = -h**3 + h**2 + 10. Suppose -3*q + 0*i + 6 = -3*i, 5*i + 1 = 2*q. Let z be (-1)/q - 3/(-9). What are the prime factors of b(z)?
2, 5
Let y = 6 - -5. Suppose 49 = 3*g - y. List the prime factors of g.
2, 5
Let o be ((-4)/(-6))/(2/33). What are the prime factors of (-2)/o - (-158)/22?
7
Let x(w) = 3*w**2 - 2*w + 3. What are the prime factors of x(-5)?
2, 11
Suppose 3*n = 6*n - 15. Let y(z) = 3*z**2 - 7*z - 2. List the prime factors of y(n).
2, 19
Suppose 3*t - 7*t + 14 = y, 4*t - 16 = -2*y. Suppose 0 = -r + 3*u + 2, -8*r = -t*r + 2*u - 61. List the prime factors of r.
11
List the prime factors of ((-12)/18)/((-2)/705).
5, 47
Let y be 2 + (-1 - 2) - -2. Let r = y + 27. What are the prime factors of 344/r + (-2)/7?
2, 3
Let q = 49 - 74. Let k = -13 - q. List the prime factors of k.
2, 3
Suppose 5*m = 3*z - 219, -m = -0*z - z + 75. What are the prime factors of z?
2, 3, 13
Suppose 135*r = 130*r + 1615. List the prime factors of r.
17, 19
Let d be (-69)/(-21) - (-4)/(-14). Suppose -d*w + 8 = -f - 3*f, -4*w + 2*f = -14. Suppose -2*v = -5*v - 4*u + 30, 5*u = w*v - 40. List the prime factors of v.
2, 5
Suppose 0 = -5*k + 9 + 36. Let h(a) = 4*a - 12. What are the prime factors of h(k)?
2, 3
Let j(b) = -6*b**2 - 5*b. Let g(l) = -5*l**2 - 5*l. Let q(a) = 5*g(a) - 4*j(a). Let m be -7 + (2 - -3 - 2). What are the prime factors of q(m)?
2
Let o(l) = -3*l**2 + 29*l - 4. What are the prime factors of o(5)?
2, 3, 11
Let q = -12 - -6. Let d(f) = -4*f**2 - 1 + 7 + 5*f**2 + 5*f - 2. List the prime factors of d(q).
2, 5
Let h be (2 - 1)/(7/175). Suppose -5*q + 5*f = -h, 3*q - 4*f - 16 = -0*q. List the prime factors of q.
2
Let y(t) = t**3 + 5*t**2 - 6*t + 2. Let l be y(-6). Suppose 0 = -3*m + l*m + 2, -p - 2*m - 1 = 0. List the prime factors of 3*p/(-3) + -1.
2
Let d(w) = -3*w + 2. Let a be d(-10). Let l = -23 + a. List the prime factors of l.
3
Let t(p) = p**2 - 5*p + 9. Let b be t(7). Let n = 33 - b. What are the prime factors of n?
2, 5
Let f = -14 + 294. What are the prime factors of f?
2, 5, 7
What are the prime factors of (-2 - 1) + 31 + 0?
2, 7
Let p = -100 + 140. What are the prime factors of p?
2, 5
List the prime factors of (8 - -52)*16/6 + 3.
163
Let y(m) = -m**3 + 8*m**2 + 9*m + 4. Let p = 18 + -9. Let i be y(p). Suppose -i*w + 4 + 4 = 0. List the prime factors of w.
2
Let j = -94 